- 7*h - 4. Determine m(l).
-16
Let g = 2 - 15. Let l = -7 - g. Let k(a) = 3*a**2 - 5*a + 7. Let m(c) = 7*c**2 - 9*c + 14. Let n(z) = 5*k(z) - 2*m(z). Give n(l).
1
Let i(k) = -3*k + 26. Let s(m) = -18*m + 154. Let o be s(8). Give i(o).
-4
Let q(g) = g**2 - 8*g - 12. Let v = 534 - 524. Give q(v).
8
Let u(z) = z**3 - 6*z**2 + 6*z + 1. Let n(v) = 2*v**2 + 13*v - 10. Let m be n(-7). Let o = m + 5. Suppose 0 = -2*d + 4*s + 4 + o, 5*d + s = 26. What is u(d)?
6
Let a = 83 - 82. Let l(v) = -3*v - 3*v**2 + 13 - a + 2*v**3 - 5 - 8. Determine l(-2).
-23
Let b(q) = -12*q + 1. Suppose -4*t + y + 6 - 11 = 0, 2*t = 4*y - 6. Determine b(t).
13
Let x(l) be the first derivative of -l**4/4 - 11*l**3/3 - 5*l**2 - 13*l + 239. What is x(-10)?
-13
Suppose -31*g - 25 = -26*g. Suppose 9*z - 4*z - 15 = 0. Let p(v) = -3*v**3 + 4*v**z + 3 + 1 - 1 + 5*v**2. Calculate p(g).
3
Let i(j) be the third derivative of 5*j**4/24 + j**3/2 + 45*j**2. Give i(2).
13
Let n(p) = p - 9. Suppose -4*r = -2*r - r. Suppose 3*d + 4*h = -r*d + 12, 4*d - 2*h - 16 = 0. What is n(d)?
-5
Suppose -2*s = 2 - 4. Suppose 2*t - 2 = t. Let v(n) = 3*n**3 + n**2 + t*n**3 - n**3. Determine v(s).
5
Let a = 1 + 0. Let f(q) be the third derivative of q**6/120 + q**5/60 + q**3/6 + q**2. Let u(z) = 3*z**3 + z + 2. Let b(i) = 2*f(i) - u(i). Give b(a).
0
Let o(q) = 9*q**2 + q. Let y = 576 - 577. Calculate o(y).
8
Let c(i) = -i**3 + 19*i**2 + 20*i + 11. Let n be c(20). Let p(x) = 40 - 14 + x**3 - 17 - n. Calculate p(2).
6
Suppose 3*m + 42 - 33 = 0. Let r(x) be the first derivative of 0*x**2 + 3 + 2*x + 1/4*x**4 + x**3. Calculate r(m).
2
Let y(j) = j + 25. Let v be y(-11). Let s = v + -9. Let w(z) = -15*z**2 - 7*z + 8. Let x(g) = -34*g**2 - 14*g + 17. Let r(n) = 9*w(n) - 4*x(n). What is r(s)?
-6
Let o be -4*(-2)/(-4) - -4. Suppose -4*t - 24 = -o*n, -4*t - 3*n + 12 = -7*t. Let g(c) = -c**3 - 9*c**2 - 7*c - 7. Give g(t).
-15
Let z = 118 - 119. Let j(s) = s + 7. Let f(i) be the third derivative of i**3/2 + i**2. Let m(p) = -9*f(p) + 4*j(p). Determine m(z).
-3
Let n(u) = -4*u**2 + 4*u**3 - 1 + 36*u**2 - 30*u**2. Let p = -2 + 1. Calculate n(p).
-3
Let s(n) = -5*n + 2*n + 4*n. Suppose -3*y = -5*o + 7*o, 9 = -o + 3*y. Let c(h) = -4*h - 1. Let b(u) = o*s(u) - c(u). Determine b(-4).
-3
Let c(o) = -7*o + 18 + o**2 + 20 - 31. Suppose 0 = 2*j + 4*g - 2*g - 22, -3*j + 4*g = 2. Calculate c(j).
1
Suppose 3*p - 71 = -4*s, -5*s + 94 = -2*p + 4*p. Let o = s + -9. Suppose 0 = 5*z - 6 + o. Let a(u) = -7*u. What is a(z)?
7
Let j(t) = -20*t**2 - 69 + 21*t**2 + 68 + 4*t. Let m = -3 + -3. Give j(m).
11
Let s be (-30)/20*(-36)/(-27). Let g(o) = 6*o**2 - 3*o**2 + o + 2*o + o**3 + 1. Calculate g(s).
-1
Let l(o) = o**3 + 10*o**2 - 5*o - 29. Let z(u) = 5*u**3 + 41*u**2 - 21*u - 119. Let v(p) = 9*l(p) - 2*z(p). Calculate v(7).
5
Let q(j) = j + 3. Suppose -10 = 44*o - 46*o. What is q(o)?
8
Let i(h) = 8 + 7 - 21 + 9 + h. Give i(0).
3
Let z = -578 - -580. Let j(d) = -2*d**2 + 3*d - 6. Determine j(z).
-8
Let g(t) = t - 3. Suppose -5*d + 330 = 320. What is g(d)?
-1
Let y = -29 - -31. Let z(m) = m - y*m**2 + 2*m**3 + 2*m - 5*m + 5*m. What is z(2)?
14
Let u(w) be the first derivative of w**4/4 + 5*w**3/3 - 5*w**2/2 - 3*w - 47. Calculate u(-6).
-9
Let j(k) = k. Suppose 5*d + 2*h - 16 = 0, -3*h + 13 - 4 = 0. Let m(c) = 3*c**3 + 2*c**2 - 2*c - 1. Let q(w) = d*j(w) + m(w). Calculate q(1).
4
Let m(z) = z**3 - 2*z**2 - z - 1. Let a = 1773 + -1771. Give m(a).
-3
Suppose -4*c - 4*p + 96 = 0, 4*c = 4*p + 73 + 31. Suppose -c = 4*z - 9*z. Let j(g) = g - 7. Give j(z).
-2
Let p(c) = c**2 + 2*c + 2. Let a(z) = -8*z**2 + 41*z - 7. Let i be a(5). Determine p(i).
2
Let c(o) = 18*o**2 - 1 + 5 - 5*o**2 - 12*o**2 - 3*o + 10. What is c(0)?
14
Let r be (6/8)/(1/4). Suppose -r*y = 6 - 15. Suppose -3 = y*i + 3. Let g(b) = -2*b**3 - 2*b**2 + 3*b + 3. What is g(i)?
5
Let m(p) = -p**2 - 9*p - 16. Suppose 22*n = 2*n - 140. Determine m(n).
-2
Let d = -14 + 16. Suppose d*f = -h - 4*h + 22, -3*h = -12. Let l(v) = 1 + 0 + 2*v - 4*v + f. What is l(3)?
-4
Let j be 6/(-9)*270/20. Let b(o) = -o - 2. What is b(j)?
7
Let f(s) = -3*s + 10. Suppose -v = -5*q - 4, 11*v - 8 = 9*v + 3*q. Determine f(v).
-2
Let i(b) = 15*b - 8 - 12*b - 8. Give i(7).
5
Let o(q) be the second derivative of q**4/12 - 4*q**3/3 - 19*q**2/2 + 172*q. Determine o(10).
1
Suppose -2*v + 25 + 69 = 0. Let l = v + -26. Suppose 7*r - 3*o = 2*r - l, 0 = 2*o - 4. Let h(x) = x**3 + 3*x**2 + x + 4. Determine h(r).
1
Let g(y) be the second derivative of y**4/12 + y**2 + 13*y. Suppose -4*a - 20 = 28. Let j(t) = t**2 + 11*t - 14. Let f be j(a). Give g(f).
6
Suppose 181*s + 24 = 177*s. Let m(u) = u + 7. What is m(s)?
1
Let j(h) be the third derivative of h**4/24 - 2*h**3/3 - 23*h**2. Calculate j(1).
-3
Let t(p) = p + 2. Let v = 22 + -23. Let y be (v + (-14)/6)/((-42)/(-63)). Determine t(y).
-3
Let y(h) = 5*h - 1. Let m = -8 + 28. Let a be 5/m*16/2. Calculate y(a).
9
Let z(d) = 5*d + 1. Let v = -6 - -11. Suppose 3*l + 8 = v*l. Let m(b) = -9*b - 2. Let i(h) = l*m(h) + 7*z(h). Determine i(0).
-1
Let f be 4 + 27/(-3) + -1 + -1. Let r(t) = -4*t + 17. What is r(f)?
45
Let y be 1*(-1 - -1 - 1). Let j(q) be the third derivative of q**6/240 - q**5/120 + 5*q**4/24 - 5*q**2. Let r(l) be the second derivative of j(l). What is r(y)?
-4
Suppose 2*h = -2*a, 2*a - 3*a = 3*h. Suppose 0 = 2*g - 4, b - 3*g + 8 = 2*b. Let c(p) = -4 - b + 1 + p. Give c(a).
-5
Let z(u) = 14*u**2 - 7*u + 2. Let y(k) = -3*k**2 + k. Let h(m) = 3*y(m) + z(m). What is h(2)?
14
Let n(j) be the first derivative of j**2 + 6*j + 1. Suppose 113*v = 105*v + 48. Give n(v).
18
Let f(c) = -4*c + 2. Let o be 8/10 + 1448/40. Suppose -5*v + o = -g + 5*g, 3 = g. Suppose 5*j - 9 = 4*y - 3*y, 13 = v*j + 3*y. Calculate f(j).
-6
Let v(t) = -2*t - 10. Let u(l) = l**3 + 4*l**2 - 94*l - 19. Let z be u(8). Calculate v(z).
-4
Let t(b) = 33 + 1 - 35 + 5*b**2. What is t(-1)?
4
Let y(t) be the third derivative of -t**5/60 + t**4/24 + 5*t**3/6 - t**2. Let p = 2395 + -2399. Give y(p).
-15
Let h(y) = 5*y - 8*y + 5 + y. Let a(z) = -z + 3. Let o(v) = -11*a(v) + 6*h(v). Give o(0).
-3
Let l(c) = c**2 - 15*c + 7. Suppose 2*z - 23*u - 24 = -19*u, -4*z = -u - 34. What is l(z)?
-49
Let i(s) = 14*s - 53. Let g be i(3). Let v(f) = -f**3 - 10*f**2 + 10*f - 13. What is v(g)?
-2
Let a(j) be the third derivative of -j**5/60 - j**3/3 - 22*j**2. Determine a(2).
-6
Let f(y) = -y**2 - 11*y - 33. Let a be f(-6). Let t be ((-2)/(-5))/((-1)/(-5)). Let c(p) = 1 - 3*p - p**2 - t*p + 3*p. What is c(a)?
-2
Suppose 5 = -3*c - 4*j - 1, -5*j = 3*c + 3. Let h(b) = b**3 - 8*b**2 + 3*b. Let p(u) = -u**3 + u**2 - u - 1. Let y(w) = h(w) + 2*p(w). Determine y(c).
-8
Let u(s) = -3*s**3 - 26*s**2 + 4*s + 11. Let n(t) = 7*t**3 + 54*t**2 - 9*t - 21. Let i(f) = 4*n(f) + 9*u(f). What is i(18)?
15
Let g(a) = -a**2 + 3*a + 2. Let l = 42 - 2. Suppose -3*t + 0*p + l = -5*p, 10 = -2*t - 4*p. Suppose -t*q + 24 = q. Give g(q).
-2
Let i(l) = -l**3 + 10*l**2 + 2*l - 24. Let d(u) = 66*u + 406. Let j be d(-6). What is i(j)?
-4
Let g(v) = 6 + 10 - 5*v - 7. Calculate g(3).
-6
Let z(i) be the third derivative of i**5/20 + i**4/12 - 2*i**3/3 + 2*i**2 - 206. Determine z(4).
52
Let k(r) = 6*r**2 - 2*r - 7. Let j = -37 + 33. Let m(a) = 13*a**2 - 3*a - 14. Let y(l) = j*m(l) + 9*k(l). Give y(5).
13
Suppose -25 = -4*u + 31. Suppose 3*a = 4*f + 11, -5*f + 3 = -a + u. Let v(c) = -c. Let h(w) = -w**2 - w + 1. Let m(k) = h(k) - v(k). Determine m(f).
-3
Let r(f) = -16 + 12 + 5 + 5 - 10 - 4*f. Calculate r(-4).
12
Let m = 947 - 945. Let v(u) = -5*u**3 + 2*u**2 - 3*u. Give v(m).
-38
Let c(z) = 5*z + 0*z + 12 + 5*z + 2*z - 6*z. Give c(-4).
-12
Let x(s) = -s**3 + 6*s**2 - 6*s + 7. Let o be x(5). Let b(q) = 3*q**2 + 4*q**2 - 10*q**o. Determine b(-2).
-12
Let b(r) = 6*r - 68. Let l be b(12). Let n(c) = -3*c**2 + 2*c + 5. Calculate n(l).
-35
Let z(h) = -12*h - 3 + 17*h**2 - 15*h**2 + 11*h + 0 - 1. Give z(3).
11
Let f(s) = s**3 - 4*s**2 - 3*s + 2. Let m = 478 - 473. What is f(m)?
12
Let l(r) = 3*r**2 + 4*r + 8. Let t(o) = -2*o - 3. Let h(v) = -l(v) - 5*t(v). What is h(3)?
-2
Let r(q) = -3*q - 19. Let x be r(-7). Suppose -x*j + 13 = l + j, -4*l = -4*j - 20. Let b(w) = -w**2 + 6*w + 7. What is b(l)?
0
Let k(v) = -v**3 - 3*v**2 + 2*v - 7. Let d be k(-4). Let t(h) = 0*h + 32*h